s divided by (1 + 7)/(1 - -1).
2
Let w be 8/(-10)*(-12 - 7 - -4). Calculate the remainder when 15/w*4 - -75 is divided by 21.
17
Let r(i) = -i + 10. Let k = -17 - -21. Calculate the remainder when 66 is divided by r(k).
0
Let h(o) = -2*o**3 - o**2 + 6*o + 6. Let w be h(-3). Let u = -31 + w. What is the remainder when (3 + -1)/(u/20 - 0) is divided by 7?
6
Let t = -23 - -36. Suppose 4*o = -2*f + 24, -t*f = -8*f + 4*o - 42. What is the remainder when 23 is divided by f?
5
Suppose -b + 111 = 5*i + 14, i = 4*b + 32. Suppose -4*u - 7 = -95. Suppose -i*x - 98 = -u*x. Calculate the remainder when x is divided by 17.
15
Let w(l) = 3*l - 4 + 2*l**2 - 3*l. What is the remainder when w(4) is divided by ((-600)/105)/((-28)/49)?
8
Suppose 2143 = 25*h - 2332. Let d = h + -91. What is the remainder when d is divided by 15?
13
Let p(z) = -z**2 + 41*z - 16. Let x be p(29). Let s = -281 + x. Calculate the remainder when 152 is divided by s.
50
Let z = -18 - -120. Let c(k) = 54*k - 829. What is the remainder when z is divided by c(16)?
32
Suppose x + 4613 = 27*x - 1003. Calculate the remainder when 657 is divided by x.
9
Let o(k) = 4*k**3 + 32*k**2 + 23*k + 24. Calculate the remainder when 218 is divided by o(-7).
41
Suppose 29*f = -84*f + 1259 + 1114. Let n(q) = 4*q - 18. Calculate the remainder when n(14) is divided by f.
17
Suppose -197 = -208*z + 204*z + 5*p, 56 = z - 2*p. Let r = -35 - -180. What is the remainder when r is divided by z?
31
Suppose 5*g - 10*q = -14*q + 150, 4*g - 2*q - 94 = 0. Let h(f) = f - 2*f + 7*f + 3*f. What is the remainder when g is divided by h(1)?
8
Let t(l) = -l**3 - 8*l**2 - l - 59. Let v be t(-7). Let x = 141 + v. What is the remainder when x is divided by 9?
4
Suppose -47*k + 7942 = -9*k. Suppose -10*j + 231 + k = 0. What is the remainder when 130 is divided by j?
42
Let d = 4475 + -4205. What is the remainder when 839 is divided by d?
29
Let o be (-11 + 664/32)/((-3)/(-4)). What is the remainder when 149 is divided by (o/13)/(4/124)?
25
Suppose 687 = 7*p + 197. What is the remainder when 325 is divided by p?
45
Let j(k) = 147*k - 110. What is the remainder when 2513 is divided by j(1)?
34
Let f(r) = -132*r + 62. Calculate the remainder when 5763 is divided by f(0).
59
Let c = -70191 + 70240. Suppose 0 = 3*k - 4*k + 46. What is the remainder when c is divided by k?
3
Let s be (-283)/(39/65 - 2/(-5)). Let u = 362 + s. What is the remainder when u is divided by 10?
9
Let v(m) = -57*m - 1910. Calculate the remainder when 806 is divided by v(-34).
22
Let q(g) = -5*g + 376. Calculate the remainder when 2022 is divided by q(73).
9
Let i = -44 + 62. Suppose -6*m - 341 = 763. Let o = -152 - m. What is the remainder when o is divided by i?
14
Suppose 6*q = 3*q - 3*r + 10686, -q - 2*r + 3563 = 0. What is the remainder when q is divided by 54?
51
Let x(t) = -427*t - 24. Let q be x(1). Let h = q + 630. What is the remainder when h is divided by 57?
8
Suppose 3*k = 4*s + 241, -8*k + 3*k - 5*s + 425 = 0. Calculate the remainder when 1573 is divided by k.
79
Suppose v + 2*v - 9 = 0. Suppose 0 = 5*n + v*g - 126, 3*n + 4*g - 74 = 3*g. What is the remainder when 41*4 - (-2 + 0) is divided by n?
22
Let c = 761 + -431. Let y be (-35)/(5/(-6) + 1). Let m = c + y. Calculate the remainder when m is divided by 41.
38
Suppose -3*v = 4*o - 17 - 19, 0 = 5*o - 2*v - 22. Suppose o*x + 64 = 250. Calculate the remainder when 112 is divided by x.
19
Suppose -5*i + 3831 - 2384 = -4858. Calculate the remainder when i is divided by 139.
10
Suppose 0 = -4*h + o + 654, 479 + 181 = 4*h + 2*o. Suppose 236 = 8*x - h. Calculate the remainder when 96 is divided by x.
46
Suppose 753 - 2463 = -45*s. Suppose 4*m = 20, p = 3*m + 2*m + 39. Suppose 66*x - s = p*x. Calculate the remainder when 33 is divided by x.
14
Let y be (39/(-4))/((-15)/60). Suppose y*f = 33*f + 336. Calculate the remainder when 278 is divided by f.
54
What is the remainder when 3 - 2/(-3 + (-7604)/(-2536)) is divided by 7?
4
Let p = 326 + -204. Let f(h) = -8*h**3 + 103*h**2 + 6*h + 109. What is the remainder when p is divided by f(13)?
14
Suppose -4*n + 140 = 2*t, 11*n + 108 = 14*n + 3*t. What is the remainder when (1 - 78/(-10))/(2/15) is divided by n?
32
Suppose 0 = -48*r + 116*r - 1700. Calculate the remainder when 181 is divided by r.
6
Let r(u) = -3*u**3 - 9*u**2 - 6*u + 6. Calculate the remainder when 5879 is divided by r(-3).
23
Let w = -4330 - -4361. Calculate the remainder when 803 is divided by w.
28
Let p(v) = v - 4. Let c be p(12). Let m(f) = 11*f + 59. Let u(g) = 5*g - 8. What is the remainder when m(c) is divided by u(9)?
36
Let u(i) be the second derivative of i**5/20 - i**4 + 11*i**3/6 + 2*i**2 + 2*i + 10. Calculate the remainder when 73 is divided by u(11).
1
Suppose 25*k - 3731 = 3944. Calculate the remainder when k is divided by 24.
19
Suppose -m - 31*v = -25*v - 1957, -5*m = 3*v - 9731. What is the remainder when m is divided by 327?
310
Let o(q) = -q**3 + q**2 + q + 5. Let u(l) be the first derivative of -l**3/3 + 19*l**2/2 + 73*l - 59. What is the remainder when u(22) is divided by o(0)?
2
Let u = 208 - 191. What is the remainder when 4232 is divided by u?
16
Let b be 9/27 + (-50)/6*1. Calculate the remainder when ((-148)/b + 5)/(2/4) is divided by 6.
5
Suppose -2*y = -o + 163, 0 = -3*o - 4*y + 334 + 115. What is the remainder when 534 is divided by o?
69
Let h(d) = -142*d - 186. Let s be h(4). Let w = s - -895. What is the remainder when w is divided by 13?
11
Suppose -5*i - c = -81 - 69, -i - 2*c + 39 = 0. Suppose 2*z - 10 = 0, z + 110 - 631 = -2*h. Let v = 372 - h. What is the remainder when v is divided by i?
27
Calculate the remainder when 602 is divided by 114/2*96/72.
70
Let v = 9843 - 9271. What is the remainder when v is divided by 57?
2
Suppose -2*z + 2*l = -1182, -2*z - 3*l + 1890 = 753. Calculate the remainder when 1834 is divided by z.
88
Suppose 82*y - 3750 = 8140. What is the remainder when 558 is divided by y?
123
Suppose -3*s = -6*s + 12. Suppose -1 = -3*n + 2*n, -3*w - s*n + 40 = 0. Let m = w - -20. Calculate the remainder when 127 is divided by m.
31
Suppose 4*b + 16 = 0, 0 = -2*r + 5*b + 757 + 633. Suppose 2*t - r = 5*p - 10*p, -5*p + 4*t = -715. Calculate the remainder when p is divided by 7.
6
Let g = 18524 + -16318. What is the remainder when g is divided by 10?
6
Let r(y) = 1051*y + 8429. Let h(b) = b**3 + 9*b**2 + 3*b - 2. Calculate the remainder when h(-5) is divided by r(-8).
20
Let t be (-3)/(-1) - (-3 + 31). Let s = t - -28. Suppose m - 116 = -s*m. What is the remainder when 115 is divided by m?
28
Suppose -19794 = -18*t + 13*t + 4*p, p - 15831 = -4*t. Calculate the remainder when t is divided by 99.
97
Let d = 139 + -105. Suppose -4*n = -o - d, 7*n + 5 = 8*n - 2*o. Calculate the remainder when 214 is divided by n.
7
Let n(i) = -i**2 + 54*i + 64. What is the remainder when 99 is divided by n(0)?
35
Suppose 32413 + 80619 = 199*b. Calculate the remainder when b is divided by 14.
8
Let c(r) = 5*r - 16. Let w be 36*((-42)/(-18) - 2). What is the remainder when c(w) is divided by 18?
8
Let i(m) = -5*m + 1. Calculate the remainder when (15770/76)/((-15)/(-36)) - 5 is divided by i(-2).
9
Suppose 0 = -3*s - 5*u + 3764, -5*u - 165 = -155. What is the remainder when s is divided by 70?
68
Suppose 124 = 3*s + n, 27*n - 25*n = -2*s + 80. Suppose 0*h = 4*h - 740. What is the remainder when h is divided by s?
17
Let i(h) = h**2 + h + 6. Let s be i(0). Suppose -733 = -20*z + 3*z + 100. Suppose -s*l + z = -113. What is the remainder when 80 is divided by l?
26
Let s = -2587 - -2674. Calculate the remainder when 169 is divided by s.
82
Suppose 0 = 5*n - 5*s - 6300, -12*s - 3795 = -3*n - 4*s. What is the remainder when n is divided by 10?
7
Let k(c) = -923*c**2 - c + 3. Let i be k(1). What is the remainder when 182 is divided by -1*i/15 + (-20)/50?
60
Let g be (-1495)/(-5) - (-6 - -13). Suppose g*j = 286*j + 186. What is the remainder when j is divided by 8?
7
Let j(s) = -s**2 + 5*s + 11. Let b be j(-9). Let m = -101 - b. What is the remainder when 180 is divided by m?
12
Suppose 18*v + 11086 = 64*v. Suppose 0 = -5*p - 0*p + 2*u + 421, 4*u = 5*p - 427. Calculate the remainder when v is divided by p.
75
Calculate the remainder when (0 - -15 - 427)/(3/(-18)) is divided